{"id":14,"date":"2023-08-25T06:22:41","date_gmt":"2023-08-25T06:22:41","guid":{"rendered":"https:\/\/multival.org\/?page_id=14"},"modified":"2025-05-01T21:05:42","modified_gmt":"2025-05-01T21:05:42","slug":"our-philosophy","status":"publish","type":"page","link":"https:\/\/multival.org\/index.php\/our-philosophy\/","title":{"rendered":"Notre Philosophie"},"content":{"rendered":"<p><strong><u>Notre Philosophie :<\/u><\/strong><\/p>\n<p style=\"text-align: left;\">\u00a0 \u00a0 \u00a0 \u00a0 Multi&#8217;Val est un club culturel qui permet de r\u00e9unir des gens de divers secteurs, afin d&#8217;\u00e9changer des id\u00e9es et de partager des connaissances et des exp\u00e9riences, dans un cadre conviviale, dans le but de lancer des initiatives, faire des activit\u00e9s et de cr\u00e9er des projets qui ont du sens et qui peuvent impacter positivement la soci\u00e9t\u00e9.<\/p>\n<p>\u00a0 \u00a0 C&#8217;est un espace d&#8217;\u00e9change libre, amical et constructif, qui peut \u00eatre un laboratoire ou une p\u00e9pini\u00e8re d&#8217;id\u00e9es qui se croisent pour donner naissance \u00e0 des initiatives cr\u00e9atives, car on croit que la r\u00e9union des esprits \u00e9clair\u00e9s et intelligents dans un cadre amical, ne peut donner que des id\u00e9es cr\u00e9atives.<\/p>\n<p>Nos principaux objectifs sont :<\/p>\n<ul>\n<li>Favoriser le lien social et l&#8217;\u00e9change constructif au sein de la soci\u00e9t\u00e9.<\/li>\n<li>Am\u00e9liorer la qualit\u00e9 de vie des gens, \u00e0 travers des activit\u00e9s culturelles.<\/li>\n<li>Concr\u00e9tiser les id\u00e9es d\u00e9velopp\u00e9es en lan\u00e7ant des initiatives et des projets.<\/li>\n<li>Ouverture sur le monde et partage des valeurs universelles.<\/li>\n<\/ul>\n<p>C&#8217;est une nouvelle mani\u00e8re de voir la culture, comme un ensemble de valeurs et de connaissances qui impactent le comportement, et qui peut \u00eatre un levier de cr\u00e9ativit\u00e9 et de d\u00e9veloppement.<\/p>\n<p>Nos activit\u00e9s culturelles se concr\u00e9tisent par des rencontres d&#8217;\u00e9change intellectuel, ainsi que des \u00e9v\u00e9nements culturels et des activit\u00e9s de loisirs.<\/p>\n<p>Notre vision est de d\u00e9mocratiser la culture, et la philosophie d&#8217;\u00e9change constructif au sein de la soci\u00e9t\u00e9, car on croit qu&#8217;un d\u00e9veloppement socio-\u00e9conomique passe d&#8217;abord par le billet des structures homog\u00e8nes qui ont des valeurs solides.<\/p>\n","protected":false},"excerpt":{"rendered":"<p>Notre Philosophie : \u00a0 \u00a0 \u00a0 \u00a0 Multi&#8217;Val est un club culturel qui permet de r\u00e9unir des gens de divers secteurs, afin d&#8217;\u00e9changer des id\u00e9es et de partager des connaissances et des exp\u00e9riences, dans un cadre conviviale, dans le but de lancer des initiatives, faire des activit\u00e9s et de cr\u00e9er des projets qui ont du &hellip;<\/p>\n<p class=\"read-more\"> <a class=\"\" href=\"https:\/\/multival.org\/index.php\/our-philosophy\/\"> <span class=\"screen-reader-text\">Notre Philosophie<\/span> Read More &raquo;<\/a><\/p>\n","protected":false},"author":1,"featured_media":0,"parent":0,"menu_order":0,"comment_status":"closed","ping_status":"closed","template":"","meta":{"site-sidebar-layout":"no-sidebar","site-content-layout":"page-builder","ast-site-content-layout":"default","site-content-style":"default","site-sidebar-style":"default","ast-global-header-display":"","ast-banner-title-visibility":"","ast-main-header-display":"","ast-hfb-above-header-display":"","ast-hfb-below-header-display":"","ast-hfb-mobile-header-display":"","site-post-title":"disabled","ast-breadcrumbs-content":"","ast-featured-img":"disabled","footer-sml-layout":"","theme-transparent-header-meta":"default","adv-header-id-meta":"","stick-header-meta":"","header-above-stick-meta":"","header-main-stick-meta":"","header-below-stick-meta":"","astra-migrate-meta-layouts":"set","footnotes":""},"_links":{"self":[{"href":"https:\/\/multival.org\/index.php\/wp-json\/wp\/v2\/pages\/14"}],"collection":[{"href":"https:\/\/multival.org\/index.php\/wp-json\/wp\/v2\/pages"}],"about":[{"href":"https:\/\/multival.org\/index.php\/wp-json\/wp\/v2\/types\/page"}],"author":[{"embeddable":true,"href":"https:\/\/multival.org\/index.php\/wp-json\/wp\/v2\/users\/1"}],"replies":[{"embeddable":true,"href":"https:\/\/multival.org\/index.php\/wp-json\/wp\/v2\/comments?post=14"}],"version-history":[{"count":34,"href":"https:\/\/multival.org\/index.php\/wp-json\/wp\/v2\/pages\/14\/revisions"}],"predecessor-version":[{"id":934,"href":"https:\/\/multival.org\/index.php\/wp-json\/wp\/v2\/pages\/14\/revisions\/934"}],"wp:attachment":[{"href":"https:\/\/multival.org\/index.php\/wp-json\/wp\/v2\/media?parent=14"}],"curies":[{"name":"wp","href":"https:\/\/api.w.org\/{rel}","templated":true}]}}