{"id":17,"date":"2023-08-25T06:23:48","date_gmt":"2023-08-25T06:23:48","guid":{"rendered":"https:\/\/multival.org\/?page_id=17"},"modified":"2025-09-15T16:04:00","modified_gmt":"2025-09-15T16:04:00","slug":"our-values","status":"publish","type":"page","link":"https:\/\/multival.org\/index.php\/our-values\/","title":{"rendered":"Nos Valeurs\u00a0"},"content":{"rendered":"<p><strong><u>Nos Valeurs :<\/u><\/strong><\/p>\n<ul>\n<li>Libert\u00e9 :<\/li>\n<\/ul>\n<p>C&#8217;est notre valeur principale et fondamentale, la libert\u00e9 de pens\u00e9e est la base d&#8217;un esprit critique curieux et ouvert \u00e0 l&#8217;\u00e9change constructif.<\/p>\n<ul>\n<li>Cr\u00e9ativit\u00e9 :<\/li>\n<\/ul>\n<p>Synonyme d&#8217;authenticit\u00e9, et d&#8217;aventure humaine, cr\u00e9ons ensemble une nouvelle vision du monde bas\u00e9e sur l&#8217;investissement dans l&#8217;humain.<\/p>\n<ul>\n<li>Convivialit\u00e9 :<\/li>\n<\/ul>\n<p>C&#8217;est une valeur essentielle dans notre structure, qui se caract\u00e9rise par un \u00e9tat d&#8217;esprit amical et une ambiance chaleureuse, en effet, la convivialit\u00e9 facilite les \u00e9changes et favorise des relations agr\u00e9ables.<\/p>\n","protected":false},"excerpt":{"rendered":"<p>Nos Valeurs : Libert\u00e9 : C&#8217;est notre valeur principale et fondamentale, la libert\u00e9 de pens\u00e9e est la base d&#8217;un esprit critique curieux et ouvert \u00e0 l&#8217;\u00e9change constructif. Cr\u00e9ativit\u00e9 : Synonyme d&#8217;authenticit\u00e9, et d&#8217;aventure humaine, cr\u00e9ons ensemble une nouvelle vision du monde bas\u00e9e sur l&#8217;investissement dans l&#8217;humain. Convivialit\u00e9 : C&#8217;est une valeur essentielle dans notre structure, &hellip;<\/p>\n<p class=\"read-more\"> <a class=\"\" href=\"https:\/\/multival.org\/index.php\/our-values\/\"> <span class=\"screen-reader-text\">Nos Valeurs\u00a0<\/span> Read More &raquo;<\/a><\/p>\n","protected":false},"author":1,"featured_media":0,"parent":0,"menu_order":0,"comment_status":"closed","ping_status":"closed","template":"elementor_theme","meta":{"site-sidebar-layout":"no-sidebar","site-content-layout":"page-builder","ast-site-content-layout":"default","site-content-style":"default","site-sidebar-style":"default","ast-global-header-display":"","ast-banner-title-visibility":"","ast-main-header-display":"","ast-hfb-above-header-display":"","ast-hfb-below-header-display":"","ast-hfb-mobile-header-display":"","site-post-title":"disabled","ast-breadcrumbs-content":"","ast-featured-img":"disabled","footer-sml-layout":"","theme-transparent-header-meta":"default","adv-header-id-meta":"","stick-header-meta":"","header-above-stick-meta":"","header-main-stick-meta":"","header-below-stick-meta":"","astra-migrate-meta-layouts":"set","footnotes":""},"_links":{"self":[{"href":"https:\/\/multival.org\/index.php\/wp-json\/wp\/v2\/pages\/17"}],"collection":[{"href":"https:\/\/multival.org\/index.php\/wp-json\/wp\/v2\/pages"}],"about":[{"href":"https:\/\/multival.org\/index.php\/wp-json\/wp\/v2\/types\/page"}],"author":[{"embeddable":true,"href":"https:\/\/multival.org\/index.php\/wp-json\/wp\/v2\/users\/1"}],"replies":[{"embeddable":true,"href":"https:\/\/multival.org\/index.php\/wp-json\/wp\/v2\/comments?post=17"}],"version-history":[{"count":56,"href":"https:\/\/multival.org\/index.php\/wp-json\/wp\/v2\/pages\/17\/revisions"}],"predecessor-version":[{"id":949,"href":"https:\/\/multival.org\/index.php\/wp-json\/wp\/v2\/pages\/17\/revisions\/949"}],"wp:attachment":[{"href":"https:\/\/multival.org\/index.php\/wp-json\/wp\/v2\/media?parent=17"}],"curies":[{"name":"wp","href":"https:\/\/api.w.org\/{rel}","templated":true}]}}